{"id":16423,"date":"2022-06-25T15:40:01","date_gmt":"2022-06-25T15:40:01","guid":{"rendered":"https:\/\/motokary-karting.sk\/?post_type=product&#038;p=16423"},"modified":"2022-12-28T19:51:14","modified_gmt":"2022-12-28T19:51:14","slug":"brasna-na-helmu-bell-a-hans-2","status":"publish","type":"product","link":"https:\/\/motokary-karting.sk\/cz\/produkt\/bell-taska-na-prilbu-a-hans-2\/","title":{"rendered":"Bra\u0161na na helmu Bell a HANS"},"content":{"rendered":"<p class=\"p1\"><span>Extra velk\u00fd\u00a0<\/span><strong><span>Bra\u0161na na helmu Bell<\/span><\/strong><span>\u00a0pro bezpe\u010dnou p\u0159epravu\u00a0<\/span><strong><span>helmy a hany<\/span><\/strong><span>. Pevn\u00e9 a m\u011bkk\u00e9 vnit\u0159n\u00ed polstrov\u00e1n\u00ed. K dispozici jsou t\u0159i dal\u0161\u00ed vn\u011bj\u0161\u00ed kapsy na zip pro rukavice a dal\u0161\u00ed vybaven\u00ed.<\/span><\/p>\n<p class=\"p1\"><span>Barva: \u010dern\u00e1\/\u010derven\u00e1<\/span><\/p>\n<p class=\"p2\"><span>Rozm\u011bry (Vx\u0160xH): 41x56x36 cm<\/span><\/p>","protected":false},"excerpt":{"rendered":"<p>Extra velk\u00e1 bra\u0161na na helmu Bell pro bezpe\u010dnou p\u0159epravu helmy a HANS. Pevn\u00e9 a m\u011bkk\u00e9 vnit\u0159n\u00ed polstrov\u00e1n\u00ed. K dispozici jsou t\u0159i dal\u0161\u00ed vn\u011bj\u0161\u00ed kapsy na zip pro rukavice a dal\u0161\u00ed...<\/p>","protected":false},"featured_media":16424,"template":"","meta":[],"product_brand":[],"product_cat":[32,21,734,1579],"product_tag":[1863,1864,1865,1860,1728,142,81,1862,728,1861],"class_list":{"0":"post-16423","1":"product","2":"type-product","3":"status-publish","4":"has-post-thumbnail","6":"product_cat-lifestyle-oblecenie-a-produkty-na-volny-cas","7":"product_cat-prilby","8":"product_cat-ruksaky-tasky-na-prilby","9":"product_cat-tasky-na-prilby","10":"product_tag-bell-helmet-bag","11":"product_tag-bell-kabela-na-prilbu","12":"product_tag-bell-taska-na-helmu","13":"product_tag-bell-taska-na-prilbu","14":"product_tag-kart-shop","15":"product_tag-karting","16":"product_tag-motokary","17":"product_tag-obal-na-prilbu-bell","18":"product_tag-taska-na-helmu","19":"product_tag-taska-na-prilbu-bell","21":"first","22":"onbackorder","23":"taxable","24":"shipping-taxable","25":"purchasable","26":"product-type-simple","27":"customify-col"},"aioseo_notices":[],"_links":{"self":[{"href":"https:\/\/motokary-karting.sk\/cz\/wp-json\/wp\/v2\/product\/16423","targetHints":{"allow":["GET"]}}],"collection":[{"href":"https:\/\/motokary-karting.sk\/cz\/wp-json\/wp\/v2\/product"}],"about":[{"href":"https:\/\/motokary-karting.sk\/cz\/wp-json\/wp\/v2\/types\/product"}],"wp:featuredmedia":[{"embeddable":true,"href":"https:\/\/motokary-karting.sk\/cz\/wp-json\/wp\/v2\/media\/16424"}],"wp:attachment":[{"href":"https:\/\/motokary-karting.sk\/cz\/wp-json\/wp\/v2\/media?parent=16423"}],"wp:term":[{"taxonomy":"product_brand","embeddable":true,"href":"https:\/\/motokary-karting.sk\/cz\/wp-json\/wp\/v2\/product_brand?post=16423"},{"taxonomy":"product_cat","embeddable":true,"href":"https:\/\/motokary-karting.sk\/cz\/wp-json\/wp\/v2\/product_cat?post=16423"},{"taxonomy":"product_tag","embeddable":true,"href":"https:\/\/motokary-karting.sk\/cz\/wp-json\/wp\/v2\/product_tag?post=16423"}],"curies":[{"name":"wp","href":"https:\/\/api.w.org\/{rel}","templated":true}]}}

Brašna na helmu Bell a HANS

<p class="p1"><span>Extra velký </span><strong><span>Brašna na helmu Bell</span></strong><span> pro bezpečnou přepravu </span><strong><span>helmy a hany</span></strong><span>. Pevné a měkké vnitřní polstrování. K dispozici jsou tři další vnější kapsy na zip pro rukavice a další vybavení.</span></p>
<p class="p1"><span>Barva: černá/červená</span></p>
<p class="p2"><span>Rozměry (VxŠxH): 41x56x36 cm</span></p>

<p>Extra velká brašna na helmu Bell pro bezpečnou přepravu helmy a HANS. Pevné a měkké vnitřní polstrování. K dispozici jsou tři další vnější kapsy na zip pro rukavice a další...</p>
