{"id":17454,"date":"2022-12-20T20:15:01","date_gmt":"2022-12-20T20:15:01","guid":{"rendered":"https:\/\/motokary-karting.sk\/?post_type=product&#038;p=17454"},"modified":"2026-01-21T13:51:25","modified_gmt":"2026-01-21T13:51:25","slug":"stilo-rib-guard-carbon-curva","status":"publish","type":"product","link":"https:\/\/motokary-karting.sk\/cz\/produkt\/stilo-rebrovy-chranic-carbon-curva\/","title":{"rendered":"Chr\u00e1ni\u010d \u017eeber Stilo Carbon Curva"},"content":{"rendered":"<p>Ultralehk\u00e1 ochrann\u00e1 vesta Stilo vyroben\u00e1 z exkluzivn\u00ed, pru\u017en\u00e9 sko\u0159epiny z uhl\u00edkov\u00fdch vl\u00e1ken s nekompromisn\u011b dobr\u00fdm st\u0159ihem. P\u0159edtvarovan\u00e1 konstrukce s p\u011bnovou vlo\u017ekou tlum\u00edc\u00ed n\u00e1razy nab\u00edz\u00ed optim\u00e1ln\u00ed ergonomii. Individu\u00e1ln\u00ed nastaven\u00ed je mo\u017en\u00e9 d\u00edky d\u00e9lkov\u011b nastaviteln\u00fdm ramenn\u00edm popruh\u016fm a dvojit\u00e9mu D-krou\u017eku. Ochrann\u00e1 vesta Stilo nab\u00edz\u00ed maxim\u00e1ln\u00ed kombinaci pohodl\u00ed a bezpe\u010dnosti d\u00edky patentovan\u00e9 \u201eCarbon Technology\u201c.<br \/>\nN\u00c1\u0160 TIP: Pro optim\u00e1ln\u00ed v\u00fdkon a dlouhou \u017eivotnost ochrann\u00e9 vesty ji doporu\u010dujeme nosit pod kombin\u00e9zou!<\/p>","protected":false},"excerpt":{"rendered":"<p>Ultralehk\u00e1 ochrann\u00e1 vesta Stilo vyroben\u00e1 z exkluzivn\u00ed, pru\u017en\u00e9 sko\u0159epiny z uhl\u00edkov\u00fdch vl\u00e1ken s nekompromisn\u011b dobr\u00fdm st\u0159ihem. P\u0159edtvarovan\u00e1 konstrukce s p\u011bnovou vlo\u017ekou tlum\u00edc\u00ed n\u00e1razy nab\u00edz\u00ed optim\u00e1ln\u00ed...<\/p>","protected":false},"featured_media":17461,"template":"","meta":[],"product_brand":[],"product_cat":[88,18],"product_tag":[142,1344,81,720,3254,1285,1203,3257,89,1590,3258,3255,3256],"class_list":{"0":"post-17454","1":"product","2":"type-product","3":"status-publish","4":"has-post-thumbnail","6":"product_cat-ochrana-rebier","7":"product_cat-vybava-pretekara","8":"product_tag-karting","9":"product_tag-karting-shop","10":"product_tag-motokary","11":"product_tag-ochrana-rebier","12":"product_tag-ochrana-rebier-stilo","13":"product_tag-rebrovy-chranic-alpinestars","14":"product_tag-rebrovy-chranic-na-motokary","15":"product_tag-rebrovy-chranic-stilo","16":"product_tag-rebrovychranic","17":"product_tag-stilo","18":"product_tag-stilo-carbon-rebrovy-chranic","19":"product_tag-stilo-chranic-rebier","20":"product_tag-stilo-rebrovy-chranic","22":"first","23":"onbackorder","24":"taxable","25":"shipping-taxable","26":"purchasable","27":"product-type-variable","28":"customify-col","29":"product-has-gallery"},"aioseo_notices":[],"_links":{"self":[{"href":"https:\/\/motokary-karting.sk\/cz\/wp-json\/wp\/v2\/product\/17454","targetHints":{"allow":["GET"]}}],"collection":[{"href":"https:\/\/motokary-karting.sk\/cz\/wp-json\/wp\/v2\/product"}],"about":[{"href":"https:\/\/motokary-karting.sk\/cz\/wp-json\/wp\/v2\/types\/product"}],"wp:featuredmedia":[{"embeddable":true,"href":"https:\/\/motokary-karting.sk\/cz\/wp-json\/wp\/v2\/media\/17461"}],"wp:attachment":[{"href":"https:\/\/motokary-karting.sk\/cz\/wp-json\/wp\/v2\/media?parent=17454"}],"wp:term":[{"taxonomy":"product_brand","embeddable":true,"href":"https:\/\/motokary-karting.sk\/cz\/wp-json\/wp\/v2\/product_brand?post=17454"},{"taxonomy":"product_cat","embeddable":true,"href":"https:\/\/motokary-karting.sk\/cz\/wp-json\/wp\/v2\/product_cat?post=17454"},{"taxonomy":"product_tag","embeddable":true,"href":"https:\/\/motokary-karting.sk\/cz\/wp-json\/wp\/v2\/product_tag?post=17454"}],"curies":[{"name":"wp","href":"https:\/\/api.w.org\/{rel}","templated":true}]}}

Chránič žeber Stilo Carbon Curva

<p>Ultralehká ochranná vesta Stilo vyrobená z exkluzivní, pružné skořepiny z uhlíkových vláken s nekompromisně dobrým střihem. Předtvarovaná konstrukce s pěnovou vložkou tlumící nárazy nabízí optimální ergonomii. Individuální nastavení je možné díky délkově nastavitelným ramenním popruhům a dvojitému D-kroužku. Ochranná vesta Stilo nabízí maximální kombinaci pohodlí a bezpečnosti díky patentované „Carbon Technology“.<br />
NÁŠ TIP: Pro optimální výkon a dlouhou životnost ochranné vesty ji doporučujeme nosit pod kombinézou!</p>

<p>Ultralehká ochranná vesta Stilo vyrobená z exkluzivní, pružné skořepiny z uhlíkových vláken s nekompromisně dobrým střihem. Předtvarovaná konstrukce s pěnovou vložkou tlumící nárazy nabízí optimální...</p>
