{"id":20558,"date":"2023-12-01T09:52:51","date_gmt":"2023-12-01T09:52:51","guid":{"rendered":"https:\/\/motokary-karting.sk\/?post_type=product&#038;p=20558"},"modified":"2025-12-05T16:24:17","modified_gmt":"2025-12-05T16:24:17","slug":"omp-chladici-vesta-one-v","status":"publish","type":"product","link":"https:\/\/motokary-karting.sk\/cz\/produkt\/omp-chladiaca-vesta-one-v\/","title":{"rendered":"Chladic\u00ed vesta OMP ONE-V"},"content":{"rendered":"<p>Chladic\u00ed vesta OMP One-V obsahuje syst\u00e9m napln\u011bn\u00fd vodou, kter\u00fd p\u0159i vysok\u00fdch teplot\u00e1ch ochlazuje a osv\u011b\u017euje t\u011blo. Ultralehk\u00e1 t\u0159\u00edvrstv\u00e1 konstrukce je vybavena inovativn\u00edm syst\u00e9mem rozptylu tepla, kter\u00fd poskytuje neust\u00e1l\u00fd pocit chlazen\u00ed. Bo\u010dn\u00ed vlo\u017eky z elastick\u00e9 tkaniny zaji\u0161\u0165uj\u00ed, \u017ee vesta je obzvl\u00e1\u0161t\u011b pohodln\u00e1 p\u0159i no\u0161en\u00ed b\u011bhem z\u00e1vodn\u00edch p\u0159est\u00e1vek nebo v p\u0159edz\u00e1vodn\u00edm prostoru.<\/p>","protected":false},"excerpt":{"rendered":"<p>Chladic\u00ed vesta OMP One-V obsahuje syst\u00e9m napln\u011bn\u00fd vodou, kter\u00fd p\u0159i vysok\u00fdch teplot\u00e1ch ochlazuje a osv\u011b\u017euje t\u011blo. Ultralehk\u00e1 t\u0159\u00edvrstv\u00e1 konstrukce je vybavena inovativn\u00edm syst\u00e9mem rozptylu tepla, kter\u00fd umo\u017e\u0148uje...<\/p>","protected":false},"featured_media":20564,"template":"","meta":[],"product_brand":[],"product_cat":[22,32,88,91,742,158,465,1045,18],"product_tag":[721,81,720,3308,1281,1030,1203,1282],"class_list":{"0":"post-20558","1":"product","2":"type-product","3":"status-publish","4":"has-post-thumbnail","6":"product_cat-kombinezy","7":"product_cat-lifestyle-oblecenie-a-produkty-na-volny-cas","8":"product_cat-ochrana-rebier","9":"product_cat-omp-kombinezy","10":"product_cat-ostatne-lifestyloblecenieadoplnky","11":"product_cat-tip-na-darcek","12":"product_cat-tricka-a-spodne-pradlo","13":"product_cat-vesty","14":"product_cat-vybava-pretekara","15":"product_tag-chranic-rebier","16":"product_tag-motokary","17":"product_tag-ochrana-rebier","18":"product_tag-omp-chladiaca-vesta","19":"product_tag-omp-rebrovy-chranic","20":"product_tag-rebrovy-chranic","21":"product_tag-rebrovy-chranic-na-motokary","22":"product_tag-rebrovy-chranic-omp","24":"first","25":"onbackorder","26":"taxable","27":"shipping-taxable","28":"purchasable","29":"product-type-variable","30":"customify-col"},"aioseo_notices":[],"_links":{"self":[{"href":"https:\/\/motokary-karting.sk\/cz\/wp-json\/wp\/v2\/product\/20558","targetHints":{"allow":["GET"]}}],"collection":[{"href":"https:\/\/motokary-karting.sk\/cz\/wp-json\/wp\/v2\/product"}],"about":[{"href":"https:\/\/motokary-karting.sk\/cz\/wp-json\/wp\/v2\/types\/product"}],"wp:featuredmedia":[{"embeddable":true,"href":"https:\/\/motokary-karting.sk\/cz\/wp-json\/wp\/v2\/media\/20564"}],"wp:attachment":[{"href":"https:\/\/motokary-karting.sk\/cz\/wp-json\/wp\/v2\/media?parent=20558"}],"wp:term":[{"taxonomy":"product_brand","embeddable":true,"href":"https:\/\/motokary-karting.sk\/cz\/wp-json\/wp\/v2\/product_brand?post=20558"},{"taxonomy":"product_cat","embeddable":true,"href":"https:\/\/motokary-karting.sk\/cz\/wp-json\/wp\/v2\/product_cat?post=20558"},{"taxonomy":"product_tag","embeddable":true,"href":"https:\/\/motokary-karting.sk\/cz\/wp-json\/wp\/v2\/product_tag?post=20558"}],"curies":[{"name":"wp","href":"https:\/\/api.w.org\/{rel}","templated":true}]}}

Chladicí vesta OMP ONE-V

<p>Chladicí vesta OMP One-V obsahuje systém naplněný vodou, který při vysokých teplotách ochlazuje a osvěžuje tělo. Ultralehká třívrstvá konstrukce je vybavena inovativním systémem rozptylu tepla, který poskytuje neustálý pocit chlazení. Boční vložky z elastické tkaniny zajišťují, že vesta je obzvláště pohodlná při nošení během závodních přestávek nebo v předzávodním prostoru.</p>

<p>Chladicí vesta OMP One-V obsahuje systém naplněný vodou, který při vysokých teplotách ochlazuje a osvěžuje tělo. Ultralehká třívrstvá konstrukce je vybavena inovativním systémem rozptylu tepla, který umožňuje...</p>
