{"id":16423,"date":"2022-06-25T15:40:01","date_gmt":"2022-06-25T15:40:01","guid":{"rendered":"https:\/\/motokary-karting.sk\/?post_type=product&#038;p=16423"},"modified":"2022-12-28T19:51:14","modified_gmt":"2022-12-28T19:51:14","slug":"torba-na-kask-bell-i-hans-2","status":"publish","type":"product","link":"https:\/\/motokary-karting.sk\/pl\/produkt\/bell-taska-na-prilbu-a-hans-2\/","title":{"rendered":"Torba na kask Bell i HANS"},"content":{"rendered":"<p class=\"p1\"><span>Bardzo du\u017cy\u00a0<\/span><strong><span>Torba na kask Bell<\/span><\/strong><span>\u00a0dla bezpiecznego transportu\u00a0<\/span><strong><span>kaski i r\u0119ce<\/span><\/strong><span>. Mocna i mi\u0119kka wy\u015bci\u00f3\u0142ka wewn\u0119trzna. Trzy dodatkowe zewn\u0119trzne kieszenie zapinane na zamek na r\u0119kawice i inny sprz\u0119t.<\/span><\/p>\n<p class=\"p1\"><span>Kolor: czarny\/czerwony<\/span><\/p>\n<p class=\"p2\"><span>Wymiary (wys. x szer. x g\u0142.): 41 x 56 x 36 cm<\/span><\/p>","protected":false},"excerpt":{"rendered":"<p>Bardzo du\u017ca torba na kask Bell do bezpiecznego transportu kasku i HANS. Mocna i mi\u0119kka wy\u015bci\u00f3\u0142ka wewn\u0119trzna. Posiada trzy dodatkowe zewn\u0119trzne kieszenie zapinane na zamek na r\u0119kawiczki i inne...<\/p>","protected":false},"featured_media":16424,"template":"","meta":[],"product_brand":[],"product_cat":[32,21,734,1579],"product_tag":[1863,1864,1865,1860,1728,142,81,1862,728,1861],"class_list":{"0":"post-16423","1":"product","2":"type-product","3":"status-publish","4":"has-post-thumbnail","6":"product_cat-lifestyle-oblecenie-a-produkty-na-volny-cas","7":"product_cat-prilby","8":"product_cat-ruksaky-tasky-na-prilby","9":"product_cat-tasky-na-prilby","10":"product_tag-bell-helmet-bag","11":"product_tag-bell-kabela-na-prilbu","12":"product_tag-bell-taska-na-helmu","13":"product_tag-bell-taska-na-prilbu","14":"product_tag-kart-shop","15":"product_tag-karting","16":"product_tag-motokary","17":"product_tag-obal-na-prilbu-bell","18":"product_tag-taska-na-helmu","19":"product_tag-taska-na-prilbu-bell","21":"first","22":"onbackorder","23":"taxable","24":"shipping-taxable","25":"purchasable","26":"product-type-simple","27":"customify-col"},"aioseo_notices":[],"_links":{"self":[{"href":"https:\/\/motokary-karting.sk\/pl\/wp-json\/wp\/v2\/product\/16423","targetHints":{"allow":["GET"]}}],"collection":[{"href":"https:\/\/motokary-karting.sk\/pl\/wp-json\/wp\/v2\/product"}],"about":[{"href":"https:\/\/motokary-karting.sk\/pl\/wp-json\/wp\/v2\/types\/product"}],"wp:featuredmedia":[{"embeddable":true,"href":"https:\/\/motokary-karting.sk\/pl\/wp-json\/wp\/v2\/media\/16424"}],"wp:attachment":[{"href":"https:\/\/motokary-karting.sk\/pl\/wp-json\/wp\/v2\/media?parent=16423"}],"wp:term":[{"taxonomy":"product_brand","embeddable":true,"href":"https:\/\/motokary-karting.sk\/pl\/wp-json\/wp\/v2\/product_brand?post=16423"},{"taxonomy":"product_cat","embeddable":true,"href":"https:\/\/motokary-karting.sk\/pl\/wp-json\/wp\/v2\/product_cat?post=16423"},{"taxonomy":"product_tag","embeddable":true,"href":"https:\/\/motokary-karting.sk\/pl\/wp-json\/wp\/v2\/product_tag?post=16423"}],"curies":[{"name":"wp","href":"https:\/\/api.w.org\/{rel}","templated":true}]}}

<p class="p1"><span>Bardzo duży </span><strong><span>Torba na kask Bell</span></strong><span> dla bezpiecznego transportu </span><strong><span>kaski i ręce</span></strong><span>. Mocna i miękka wyściółka wewnętrzna. Trzy dodatkowe zewnętrzne kieszenie zapinane na zamek na rękawice i inny sprzęt.</span></p>
<p class="p1"><span>Kolor: czarny/czerwony</span></p>
<p class="p2"><span>Wymiary (wys. x szer. x gł.): 41 x 56 x 36 cm</span></p>

<p>Bardzo duża torba na kask Bell do bezpiecznego transportu kasku i HANS. Mocna i miękka wyściółka wewnętrzna. Posiada trzy dodatkowe zewnętrzne kieszenie zapinane na zamek na rękawiczki i inne...</p>
