{"id":17454,"date":"2022-12-20T20:15:01","date_gmt":"2022-12-20T20:15:01","guid":{"rendered":"https:\/\/motokary-karting.sk\/?post_type=product&#038;p=17454"},"modified":"2026-01-21T13:51:25","modified_gmt":"2026-01-21T13:51:25","slug":"stilo-rib-guard-carbon-curva","status":"publish","type":"product","link":"https:\/\/motokary-karting.sk\/pl\/produkt\/stilo-rebrovy-chranic-carbon-curva\/","title":{"rendered":"Ochraniacz \u017ceber Stilo Carbon Curva"},"content":{"rendered":"<p>Ultralekka kamizelka ochronna Stilo wykonana z ekskluzywnej, elastycznej pow\u0142oki z w\u0142\u00f3kna w\u0119glowego o bezkompromisowo dobrym dopasowaniu. Wst\u0119pnie ukszta\u0142towana konstrukcja z amortyzuj\u0105c\u0105 wk\u0142adk\u0105 piankow\u0105 zapewnia optymaln\u0105 ergonomi\u0119. Indywidualne dopasowanie jest mo\u017cliwe dzi\u0119ki regulowanym na d\u0142ugo\u015b\u0107 paskom naramiennym i podw\u00f3jnemu D-ringowi. Kamizelka ochronna Stilo oferuje maksymalne po\u0142\u0105czenie komfortu i bezpiecze\u0144stwa dzi\u0119ki opatentowanej technologii \u201eCarbon Technology\u201c.<br \/>\nNASZA WSKAZ\u00d3WKA: Aby zapewni\u0107 optymaln\u0105 wydajno\u015b\u0107 i d\u0142ug\u0105 \u017cywotno\u015b\u0107 kamizelki ochronnej, zalecamy noszenie jej pod kombinezonem!<\/p>","protected":false},"excerpt":{"rendered":"<p>Ultralekka kamizelka ochronna Stilo wykonana z ekskluzywnej, rozci\u0105gliwej skorupy z w\u0142\u00f3kna w\u0119glowego o bezkompromisowo dobrym dopasowaniu. Wst\u0119pnie ukszta\u0142towana konstrukcja z wk\u0142adk\u0105 z pianki poch\u0142aniaj\u0105cej wstrz\u0105sy zapewnia optymalne...<\/p>","protected":false},"featured_media":17461,"template":"","meta":[],"product_brand":[],"product_cat":[88,18],"product_tag":[142,1344,81,720,3254,1285,1203,3257,89,1590,3258,3255,3256],"class_list":{"0":"post-17454","1":"product","2":"type-product","3":"status-publish","4":"has-post-thumbnail","6":"product_cat-ochrana-rebier","7":"product_cat-vybava-pretekara","8":"product_tag-karting","9":"product_tag-karting-shop","10":"product_tag-motokary","11":"product_tag-ochrana-rebier","12":"product_tag-ochrana-rebier-stilo","13":"product_tag-rebrovy-chranic-alpinestars","14":"product_tag-rebrovy-chranic-na-motokary","15":"product_tag-rebrovy-chranic-stilo","16":"product_tag-rebrovychranic","17":"product_tag-stilo","18":"product_tag-stilo-carbon-rebrovy-chranic","19":"product_tag-stilo-chranic-rebier","20":"product_tag-stilo-rebrovy-chranic","22":"first","23":"onbackorder","24":"taxable","25":"shipping-taxable","26":"purchasable","27":"product-type-variable","28":"customify-col","29":"product-has-gallery"},"aioseo_notices":[],"_links":{"self":[{"href":"https:\/\/motokary-karting.sk\/pl\/wp-json\/wp\/v2\/product\/17454","targetHints":{"allow":["GET"]}}],"collection":[{"href":"https:\/\/motokary-karting.sk\/pl\/wp-json\/wp\/v2\/product"}],"about":[{"href":"https:\/\/motokary-karting.sk\/pl\/wp-json\/wp\/v2\/types\/product"}],"wp:featuredmedia":[{"embeddable":true,"href":"https:\/\/motokary-karting.sk\/pl\/wp-json\/wp\/v2\/media\/17461"}],"wp:attachment":[{"href":"https:\/\/motokary-karting.sk\/pl\/wp-json\/wp\/v2\/media?parent=17454"}],"wp:term":[{"taxonomy":"product_brand","embeddable":true,"href":"https:\/\/motokary-karting.sk\/pl\/wp-json\/wp\/v2\/product_brand?post=17454"},{"taxonomy":"product_cat","embeddable":true,"href":"https:\/\/motokary-karting.sk\/pl\/wp-json\/wp\/v2\/product_cat?post=17454"},{"taxonomy":"product_tag","embeddable":true,"href":"https:\/\/motokary-karting.sk\/pl\/wp-json\/wp\/v2\/product_tag?post=17454"}],"curies":[{"name":"wp","href":"https:\/\/api.w.org\/{rel}","templated":true}]}}

Ochraniacz żeber Stilo Carbon Curva

<p>Ultralekka kamizelka ochronna Stilo wykonana z ekskluzywnej, elastycznej powłoki z włókna węglowego o bezkompromisowo dobrym dopasowaniu. Wstępnie ukształtowana konstrukcja z amortyzującą wkładką piankową zapewnia optymalną ergonomię. Indywidualne dopasowanie jest możliwe dzięki regulowanym na długość paskom naramiennym i podwójnemu D-ringowi. Kamizelka ochronna Stilo oferuje maksymalne połączenie komfortu i bezpieczeństwa dzięki opatentowanej technologii „Carbon Technology“.<br />
NASZA WSKAZÓWKA: Aby zapewnić optymalną wydajność i długą żywotność kamizelki ochronnej, zalecamy noszenie jej pod kombinezonem!</p>

<p>Ultralekka kamizelka ochronna Stilo wykonana z ekskluzywnej, rozciągliwej skorupy z włókna węglowego o bezkompromisowo dobrym dopasowaniu. Wstępnie ukształtowana konstrukcja z wkładką z pianki pochłaniającej wstrząsy zapewnia optymalne...</p>
