{"id":23363,"date":"2024-04-19T14:08:59","date_gmt":"2024-04-19T14:08:59","guid":{"rendered":"https:\/\/motokary-karting.sk\/?post_type=product&#038;p=23363"},"modified":"2026-01-28T19:34:45","modified_gmt":"2026-01-28T19:34:45","slug":"zamp-duza-torba-na-3-kaski","status":"publish","type":"product","link":"https:\/\/motokary-karting.sk\/pl\/produkt\/zamp-velka-taska-na-3-prilby\/","title":{"rendered":"Du\u017ca torba ZAMP na 3 kaski"},"content":{"rendered":"<p>ZAMP z dum\u0105 przedstawia nasze nowe 3 torby na kaski! Zaprojektowana z my\u015bl\u0105 o zawodnikach, ta stylowa i profesjonalna torba ma mi\u0119kk\u0105 wewn\u0119trzn\u0105 wy\u015bci\u00f3\u0142k\u0119, kt\u00f3ra chroni kaski. Nasza prostok\u0105tna konstrukcja pozwala r\u00f3wnie\u017c nosi\u0107 w torbie ulubione akcesoria Zamp. Nasze torby na kaski maj\u0105 r\u00f3wnie\u017c du\u017cy otw\u00f3r z przodu, dzi\u0119ki czemu wyjmowanie kask\u00f3w jest wygodne i \u0142atwe<\/p>\n<p>Funkcje obejmuj\u0105:<\/p>\n<p>Atrakcyjny czarny design<br \/>\nMi\u0119kkie wn\u0119trze<br \/>\nDu\u017cy podw\u00f3jny zamek b\u0142yskawiczny dla \u0142atwego dost\u0119pu<br \/>\nOdpowiedni dla 3 kask\u00f3w<br \/>\nPodw\u00f3jne uchwyty, \u0142atwe do przenoszenia<br \/>\nPasuje do wszystkich kask\u00f3w Zamp<\/p>","protected":false},"excerpt":{"rendered":"<p>ZAMP z dum\u0105 przedstawia nasze nowe 3 torby na kaski! Zaprojektowana z my\u015bl\u0105 o zawodnikach, ta stylowa i profesjonalna torba ma mi\u0119kk\u0105 wewn\u0119trzn\u0105 wy\u015bci\u00f3\u0142k\u0119, kt\u00f3ra...<\/p>","protected":false},"featured_media":23365,"template":"","meta":[],"product_brand":[],"product_cat":[32,734,1579,158],"product_tag":[1728,142,81,1851,1853,26,1854,1755,1852,728],"class_list":{"0":"post-23363","1":"product","2":"type-product","3":"status-publish","4":"has-post-thumbnail","6":"product_cat-lifestyle-oblecenie-a-produkty-na-volny-cas","7":"product_cat-ruksaky-tasky-na-prilby","8":"product_cat-tasky-na-prilby","9":"product_cat-tip-na-darcek","10":"product_tag-kart-shop","11":"product_tag-karting","12":"product_tag-motokary","13":"product_tag-oba-lan-prilbu","14":"product_tag-obal-na-prilbu-sparco","15":"product_tag-sparco","16":"product_tag-sparco-obal-na-prilbu","17":"product_tag-sparco-shop","18":"product_tag-sparco-taska-na-prilbu","19":"product_tag-taska-na-helmu","21":"first","22":"instock","23":"taxable","24":"shipping-taxable","25":"purchasable","26":"product-type-simple","27":"customify-col","28":"product-has-gallery"},"aioseo_notices":[],"_links":{"self":[{"href":"https:\/\/motokary-karting.sk\/pl\/wp-json\/wp\/v2\/product\/23363","targetHints":{"allow":["GET"]}}],"collection":[{"href":"https:\/\/motokary-karting.sk\/pl\/wp-json\/wp\/v2\/product"}],"about":[{"href":"https:\/\/motokary-karting.sk\/pl\/wp-json\/wp\/v2\/types\/product"}],"wp:featuredmedia":[{"embeddable":true,"href":"https:\/\/motokary-karting.sk\/pl\/wp-json\/wp\/v2\/media\/23365"}],"wp:attachment":[{"href":"https:\/\/motokary-karting.sk\/pl\/wp-json\/wp\/v2\/media?parent=23363"}],"wp:term":[{"taxonomy":"product_brand","embeddable":true,"href":"https:\/\/motokary-karting.sk\/pl\/wp-json\/wp\/v2\/product_brand?post=23363"},{"taxonomy":"product_cat","embeddable":true,"href":"https:\/\/motokary-karting.sk\/pl\/wp-json\/wp\/v2\/product_cat?post=23363"},{"taxonomy":"product_tag","embeddable":true,"href":"https:\/\/motokary-karting.sk\/pl\/wp-json\/wp\/v2\/product_tag?post=23363"}],"curies":[{"name":"wp","href":"https:\/\/api.w.org\/{rel}","templated":true}]}}

Duża torba ZAMP na 3 kaski

<p>ZAMP z dumą przedstawia nasze nowe 3 torby na kaski! Zaprojektowana z myślą o zawodnikach, ta stylowa i profesjonalna torba ma miękką wewnętrzną wyściółkę, która chroni kaski. Nasza prostokątna konstrukcja pozwala również nosić w torbie ulubione akcesoria Zamp. Nasze torby na kaski mają również duży otwór z przodu, dzięki czemu wyjmowanie kasków jest wygodne i łatwe</p>
<p>Funkcje obejmują:</p>
<p>Atrakcyjny czarny design<br />
Miękkie wnętrze<br />
Duży podwójny zamek błyskawiczny dla łatwego dostępu<br />
Odpowiedni dla 3 kasków<br />
Podwójne uchwyty, łatwe do przenoszenia<br />
Pasuje do wszystkich kasków Zamp</p>

<p>ZAMP z dumą przedstawia nasze nowe 3 torby na kaski! Zaprojektowana z myślą o zawodnikach, ta stylowa i profesjonalna torba ma miękką wewnętrzną wyściółkę, która...</p>
